{"id":3132,"date":"2021-10-04T20:51:44","date_gmt":"2021-02-26T20:33:06","guid":{"rendered":"https:\/\/gustavholzwarthfotografie.com\/faq"},"modified":"2024-06-12T18:20:18","modified_gmt":"2024-06-12T18:20:18","slug":"for-you","status":"publish","type":"page","link":"https:\/\/gustavholzwarthfotografie.com\/?page_id=3132","title":{"rendered":"For You"},"content":{"rendered":"\n<p>&nbsp;<\/p>\n\n\n\n<h1 class=\"wp-block-heading\">For you<\/h1>\n\n\n\n<p>Ihre Fotoauftr\u00e4ge \u00fcbernehme ich gerne, Schwerpunkte meiner Arbeit sind die unten genannten Bereiche. Sie w\u00fcnschen Fotos in einem anderen Bereich, nehmen Sie bitte einfach Kontakt zu mir auf, um zu kl\u00e4ren, ob und wie ich Ihr Anliegen umsetzen kann.<\/p>\n\n\n\n<p>&nbsp;<\/p>\n\n\n\n<div class=\"wp-block-columns is-layout-flex wp-container-core-columns-is-layout-9d6595d7 wp-block-columns-is-layout-flex\">\n<div class=\"wp-block-column is-layout-flow wp-block-column-is-layout-flow\">\n<div class=\"wp-block-group\"><div class=\"wp-block-group__inner-container is-layout-flow wp-block-group-is-layout-flow\">\n<figure class=\"wp-block-image size-large is-style-default\"><a title=\"Architecture\" href=\"https:\/\/gustavholzwarthfotografie.com\/?portfolio-item=architecture\"><img loading=\"lazy\" decoding=\"async\" width=\"1024\" height=\"683\" class=\"wp-image-3500\" src=\"https:\/\/gustavholzwarthfotografie.com\/wp-content\/uploads\/2021\/11\/Casa_Azimute-6634-1024x683.jpg\" alt=\"\" srcset=\"https:\/\/gustavholzwarthfotografie.com\/wp-content\/uploads\/2021\/11\/Casa_Azimute-6634-1024x683.jpg 1024w, https:\/\/gustavholzwarthfotografie.com\/wp-content\/uploads\/2021\/11\/Casa_Azimute-6634-300x200.jpg 300w, https:\/\/gustavholzwarthfotografie.com\/wp-content\/uploads\/2021\/11\/Casa_Azimute-6634-768x512.jpg 768w, https:\/\/gustavholzwarthfotografie.com\/wp-content\/uploads\/2021\/11\/Casa_Azimute-6634-1536x1024.jpg 1536w, https:\/\/gustavholzwarthfotografie.com\/wp-content\/uploads\/2021\/11\/Casa_Azimute-6634-2048x1365.jpg 2048w, https:\/\/gustavholzwarthfotografie.com\/wp-content\/uploads\/2021\/11\/Casa_Azimute-6634-1200x800.jpg 1200w\" sizes=\"auto, (max-width: 1024px) 100vw, 1024px\" \/><\/a><\/figure>\n<\/div><\/div>\n<\/div>\n\n\n\n<div class=\"wp-block-column is-layout-flow wp-block-column-is-layout-flow\">\n<h2 class=\"wp-block-heading\">Architektur\/Real Estate<\/h2>\n\n\n\n<p>Sie m\u00f6chten eine Immobilie verkaufen und ben\u00f6tigen gute Fotos f\u00fcr Ihr Expos\u00e9 und\/oder Ihre Website.<\/p>\n\n\n\n<p>Sie brauchen professionell erstellte Bilder f\u00fcr Ihr Archiv.<\/p>\n\n\n\n<p>Ihre Immobilie soll in einem Magazin, einem Gesch\u00e4ftsbericht oder auf Ihrer Firmen-Website pr\u00e4sentiert werden.<\/p>\n\n\n\n<p>&nbsp;<\/p>\n<\/div>\n<\/div>\n\n\n\n<div class=\"wp-block-columns is-layout-flex wp-container-core-columns-is-layout-9d6595d7 wp-block-columns-is-layout-flex\">\n<div class=\"wp-block-column is-layout-flow wp-block-column-is-layout-flow\">\n<h2 class=\"wp-block-heading\">Arbeitswelt\/Gesch\u00e4ftsberichte<\/h2>\n\n\n\n<p>Sie m\u00f6chten die Arbeitsabl\u00e4ufe in Ihrem Unternehmen dokumentieren und darstellen.<\/p>\n\n\n\n<p>Sie planen die Ver\u00f6ffentlichung eines Gesch\u00e4ftsberichtes, Portfolios o. \u00e4. und ben\u00f6tigen aussagekr\u00e4ftige, narrative Bilder Ihres Unternehmens.<\/p>\n\n\n\n<p>&nbsp;<\/p>\n<\/div>\n\n\n\n<div class=\"wp-block-column is-layout-flow wp-block-column-is-layout-flow\">\n<figure class=\"wp-block-image size-large is-style-default\"><a title=\"people at work\" href=\"https:\/\/gustavholzwarthfotografie.com\/?portfolio-item=lived-before\"><img loading=\"lazy\" decoding=\"async\" width=\"1024\" height=\"683\" class=\"wp-image-3338\" src=\"https:\/\/gustavholzwarthfotografie.com\/wp-content\/uploads\/2021\/11\/Titel-7277-1024x683.jpg\" alt=\"\" srcset=\"https:\/\/gustavholzwarthfotografie.com\/wp-content\/uploads\/2021\/11\/Titel-7277-1024x683.jpg 1024w, https:\/\/gustavholzwarthfotografie.com\/wp-content\/uploads\/2021\/11\/Titel-7277-300x200.jpg 300w, https:\/\/gustavholzwarthfotografie.com\/wp-content\/uploads\/2021\/11\/Titel-7277-768x512.jpg 768w, https:\/\/gustavholzwarthfotografie.com\/wp-content\/uploads\/2021\/11\/Titel-7277-1536x1024.jpg 1536w, https:\/\/gustavholzwarthfotografie.com\/wp-content\/uploads\/2021\/11\/Titel-7277-1200x800.jpg 1200w, https:\/\/gustavholzwarthfotografie.com\/wp-content\/uploads\/2021\/11\/Titel-7277.jpg 1620w\" sizes=\"auto, (max-width: 1024px) 100vw, 1024px\" \/><\/a><\/figure>\n<\/div>\n<\/div>\n\n\n\n<div class=\"wp-block-columns is-layout-flex wp-container-core-columns-is-layout-9d6595d7 wp-block-columns-is-layout-flex\">\n<div class=\"wp-block-column is-layout-flow wp-block-column-is-layout-flow\"><div class=\"wp-block-image is-style-default\">\n<figure class=\"alignleft size-large\"><a title=\"Food\" href=\"https:\/\/gustavholzwarthfotografie.com\/?portfolio-item=food\"><img loading=\"lazy\" decoding=\"async\" width=\"1024\" height=\"683\" class=\"wp-image-3776\" src=\"https:\/\/gustavholzwarthfotografie.com\/wp-content\/uploads\/2022\/08\/IMG_6514-2-1024x683.jpg\" alt=\"\" srcset=\"https:\/\/gustavholzwarthfotografie.com\/wp-content\/uploads\/2022\/08\/IMG_6514-2-1024x683.jpg 1024w, https:\/\/gustavholzwarthfotografie.com\/wp-content\/uploads\/2022\/08\/IMG_6514-2-300x200.jpg 300w, https:\/\/gustavholzwarthfotografie.com\/wp-content\/uploads\/2022\/08\/IMG_6514-2-768x512.jpg 768w, https:\/\/gustavholzwarthfotografie.com\/wp-content\/uploads\/2022\/08\/IMG_6514-2-1536x1024.jpg 1536w, https:\/\/gustavholzwarthfotografie.com\/wp-content\/uploads\/2022\/08\/IMG_6514-2-2048x1365.jpg 2048w, https:\/\/gustavholzwarthfotografie.com\/wp-content\/uploads\/2022\/08\/IMG_6514-2-1200x800.jpg 1200w\" sizes=\"auto, (max-width: 1024px) 100vw, 1024px\" \/><\/a><\/figure>\n<\/div><\/div>\n\n\n\n<div class=\"wp-block-column is-layout-flow wp-block-column-is-layout-flow\">\n<p>&nbsp;<\/p>\n\n\n\n<h2 class=\"wp-block-heading\">Food \/ Restaurant \/ Hotel<\/h2>\n\n\n\n<p>Website, Instagram, Prospekt, Flyer. Ihr Restaurant\/Hotel findet mehr Aufmerksamkeit mit professionellen, ansprechenden Fotos.<\/p>\n\n\n\n<p>Ich unterst\u00fctze Sie gerne.<\/p>\n\n\n\n<p>&nbsp;<\/p>\n\n\n\n<p>&nbsp;<\/p>\n<\/div>\n<\/div>\n\n\n\n<p><\/p>\n\n\n\n<div class=\"wp-block-columns is-layout-flex wp-container-core-columns-is-layout-9d6595d7 wp-block-columns-is-layout-flex\">\n<div class=\"wp-block-column is-layout-flow wp-block-column-is-layout-flow\" style=\"flex-basis:100%\">\n<h2 class=\"wp-block-heading has-text-align-right\"><strong>&nbsp;Kontakt: gh.mail(at)online.de<\/strong><\/h2>\n<\/div>\n<\/div>\n","protected":false},"excerpt":{"rendered":"<p>&nbsp; For you Ihre Fotoauftr\u00e4ge \u00fcbernehme ich gerne, Schwerpunkte meiner Arbeit sind die unten genannten Bereiche. Sie w\u00fcnschen Fotos in einem anderen Bereich, nehmen Sie bitte einfach Kontakt zu mir auf, um zu kl\u00e4ren, ob und wie ich Ihr Anliegen umsetzen kann. &nbsp; Architektur\/Real Estate Sie m\u00f6chten eine Immobilie verkaufen und ben\u00f6tigen gute Fotos f\u00fcr [&hellip;]<\/p>\n","protected":false},"author":1,"featured_media":0,"parent":0,"menu_order":0,"comment_status":"closed","ping_status":"closed","template":"","meta":{"footnotes":""},"class_list":["post-3132","page","type-page","status-publish","hentry"],"aioseo_notices":[],"_links":{"self":[{"href":"https:\/\/gustavholzwarthfotografie.com\/index.php?rest_route=\/wp\/v2\/pages\/3132","targetHints":{"allow":["GET"]}}],"collection":[{"href":"https:\/\/gustavholzwarthfotografie.com\/index.php?rest_route=\/wp\/v2\/pages"}],"about":[{"href":"https:\/\/gustavholzwarthfotografie.com\/index.php?rest_route=\/wp\/v2\/types\/page"}],"author":[{"embeddable":true,"href":"https:\/\/gustavholzwarthfotografie.com\/index.php?rest_route=\/wp\/v2\/users\/1"}],"replies":[{"embeddable":true,"href":"https:\/\/gustavholzwarthfotografie.com\/index.php?rest_route=%2Fwp%2Fv2%2Fcomments&post=3132"}],"version-history":[{"count":53,"href":"https:\/\/gustavholzwarthfotografie.com\/index.php?rest_route=\/wp\/v2\/pages\/3132\/revisions"}],"predecessor-version":[{"id":4332,"href":"https:\/\/gustavholzwarthfotografie.com\/index.php?rest_route=\/wp\/v2\/pages\/3132\/revisions\/4332"}],"wp:attachment":[{"href":"https:\/\/gustavholzwarthfotografie.com\/index.php?rest_route=%2Fwp%2Fv2%2Fmedia&parent=3132"}],"curies":[{"name":"wp","href":"https:\/\/api.w.org\/{rel}","templated":true}]}}